78, -c + 30 = -i*v. Does 12 divide c?
True
Suppose 0 = 22*o - 17*o - 230. Is 20 a factor of o?
False
Suppose 76 = 3*p + p. Suppose -5*b + p = -m, -b - 11 = -2*b + 2*m. Suppose b*s - 4*o = 44, 2*s = 7*s + 2*o - 30. Does 6 divide s?
False
Let l(g) = 5*g**2 + g. Suppose 4*k + 3*h + 10 = 0, 3*k + 0*k - 7 = 5*h. Let y be l(k). Suppose y*b + 2*u - 57 = -u, 0 = -2*b - 5*u + 25. Does 13 divide b?
False
Let h(g) = g**3 - 7*g**2 + 10*g - 7. Let b be h(6). Let w = 9 - 6. Suppose -r + w*v = -b, 4*r - 7 = v + 61. Does 6 divide r?
False
Suppose 5*h = 96 + 234. Suppose -g - g = -h. Does 16 divide g?
False
Suppose 5 = -0*c + 5*c, 2*m + 13 = -c. Let z be ((-24)/7)/(1/m). Suppose 0*b + 2*b = 4*p + z, 5*b - 120 = -2*p. Is 13 a factor of b?
False
Let i be (0/(-1))/((-2)/2). Suppose -2*f - 6*b + 111 = -b, -4*f + 5*b + 177 = i. Does 12 divide f?
True
Let m(p) = -5*p**3 + p**2 - 1. Let a be m(1). Let q = a - -14. Is q a multiple of 3?
True
Suppose k = -0*k + 2. Let l(m) = 4*m - 2. Let f be l(4). Is (18/21)/(k/f) even?
True
Suppose 0*m = m - 40. Is 10 a factor of m?
True
Let n = -74 - -113. Is n a multiple of 13?
True
Let k(z) be the second derivative of -z**4/12 - 5*z**3/3 - 3*z**2 + 3*z. Let m be k(-9). Suppose -5*s + m*o + 30 = 0, -s = 2*s + o - 32. Is s a multiple of 3?
True
Suppose 0 = 5*a + n - 597, 8 = 5*n - n. Is 17 a factor of a?
True
Let c(w) = w + 24. Is c(-5) a multiple of 19?
True
Suppose 137 = 5*n - 173. Is n a multiple of 11?
False
Suppose 2*l + 3 = a + 34, 3*l + 4*a = 19. Does 10 divide l?
False
Let q(m) = -m**2 - 5*m - 6. Let g be q(-4). Let w = g + 4. Suppose -w*s + 22 = -18. Is 10 a factor of s?
True
Suppose -7*y + 218 = -202. Does 15 divide y?
True
Let w(q) = -2 + 4*q - 10*q - 5. Does 14 divide w(-6)?
False
Suppose 4*g - 3*a = 281, g - a - 4*a - 83 = 0. Suppose g = c + c. Does 17 divide c?
True
Suppose 0 = -3*i + 18 - 0. Is 2 a factor of i?
True
Let c be (-1)/(-5) + 5404/(-70). Let w = -47 - c. Does 15 divide w?
True
Let t(i) = -i**3 - 6*i**2 - 4*i - 2. Let j be t(-4). Let a = j + 53. Is a a multiple of 7?
True
Let n(r) = 31*r + 1. Does 52 divide n(5)?
True
Let a be 154/(-6) - 1/3. Let q = -17 - a. Suppose 2*f = o, 0 = o - 0*f + f - q. Does 6 divide o?
True
Let m = -2 + 5. Suppose 0*d - 2*d + 5*l = -61, 0 = -m*l + 15. Let h = 61 - d. Does 9 divide h?
True
Is 2 a factor of 2/15 + 624/45?
True
Let c(d) = -d**2 + 6*d - 7. Let k = 12 + -7. Let t be c(k). Is (84/(-18))/(t/18) a multiple of 21?
True
Suppose -7*y + 180 = -2*y. Is 16 a factor of y?
False
Let j(z) = z**3 + 5*z**2 + 6*z + 3. Let k be j(-4). Is 14 a factor of (4 + k)/((-1)/59)?
False
Suppose -n + c = 5*c - 224, -4*n + 3*c + 972 = 0. Is 40 a factor of n?
True
Suppose 2*w - 2*k = 166, -5*w - 4*k + 256 = -2*w. Suppose 0 = 5*m - 4*c - 150, 4*m - w = -3*c - c. Does 10 divide m?
False
Let m(v) = -v**3 + v**2 + v + 171. Let y be m(0). Let w = -37 + y. Is (-6)/15 - w/(-10) a multiple of 7?
False
Suppose -c = 2*c - a - 6, 3*c + 5*a - 24 = 0. Let n = 17 + -17. Suppose 8*f = -g + c*f + 30, g + f - 22 = n. Is g a multiple of 20?
True
Let r be 10/(-25) - 8/5. Let n be 2 + r + 1*2. Suppose -14 = -n*y - o - o, 4*y - 36 = 4*o. Is 4 a factor of y?
True
Let x = -71 + 44. Suppose -5*m + 156 = -44. Let a = m + x. Is a a multiple of 13?
True
Let f(u) = -u**3 + 8*u**2 + u - 8. Suppose q = 3*q - 16. Let v be f(q). Suppose 2*w = -v*w + 20. Is 10 a factor of w?
True
Let b(k) = k**3 + 9*k**2 + 8*k. Let t be b(-8). Suppose -3*y + 3 + 6 = t. Suppose 12 = y*l, -q + 0*l = l - 30. Does 13 divide q?
True
Let v be 2/(-1) - (1 - 2). Does 14 divide (44 - -2)/(-1)*v?
False
Let h(w) = w**2 - 8*w + 7. Let l be h(10). Let t(f) = 28*f**3 + f. Let d be t(1). Suppose 2*y = 2*o - o + l, 2*y + o - d = 0. Does 13 divide y?
False
Let h(j) = j**3 - 8*j**2 + 6*j + 10. Let y be h(7). Let p = y + 0. Is 3 a factor of p?
True
Suppose 4*r = -5*d + 18, -3*r = -3*d - 6*r + 12. Suppose -d*f + 35 = 5*v, -2*v + 5*f = 3*f - 28. Is 2 a factor of v?
False
Let d be (2 + 2)/(6/3). Suppose 0 = -r + 12 - d. Does 10 divide r?
True
Suppose -4*c + 64 - 216 = 0. Let k = c + 66. Does 16 divide k?
False
Suppose -3*m + 1065 - 60 = 0. Suppose 0 = -a + 6*a - m. Is a a multiple of 15?
False
Is 614*(-2 - 5/(-2)) a multiple of 36?
False
Let h = -5 + 8. Suppose 3*t + 6 = -h*o, o + 2 = 6*o - t. Suppose o = -5*r + 20 + 225. Is r a multiple of 18?
False
Let j(i) = -5*i - 4 - 3 + i. Let p be (1 + 16/2)*-1. Is j(p) a multiple of 11?
False
Let c be (-6)/(-4)*4/3. Suppose -n + 14 = -c. Is 11 a factor of n?
False
Suppose 4 = i - 35. Does 6 divide i?
False
Suppose 0*d + 1362 = 3*d. Suppose 2 = 4*n - d. Suppose 5*r - n = 6*a - 2*a, 70 = 3*r - 2*a. Does 13 divide r?
True
Let v be (3/(-9))/(3/(-63)). Suppose v*g = 3*g + 20. Does 2 divide g?
False
Is 5 a factor of -4*(27/(-4) - 0)?
False
Let u(r) = 2 + 0*r**2 + 3*r**3 - 3*r + r + 3*r**2 - 2*r**2. Is 9 a factor of u(2)?
False
Let o(l) = l**2 + 3*l + 3. Does 19 divide o(-9)?
True
Let z(t) = t**3 + 13*t**2 - 3*t - 13. Is z(-13) a multiple of 13?
True
Let w(c) = -c**2 - 19*c - 25. Is w(-17) a multiple of 4?
False
Does 12 divide 865/9 + 1/(-9)?
True
Suppose 2*w = 0, -y - 2*w + w - 23 = 0. Let x = y - -67. Does 11 divide x?
True
Let j(o) be the first derivative of 7*o**2/2 - 10*o - 4. Let q be j(9). Let r = 81 - q. Is r a multiple of 14?
True
Let y be ((-10)/(-2))/(1 - 0). Suppose 4*i + 84 = 4*t - 0*i, -5*i = y*t - 155. Is t a multiple of 13?
True
Is (76/3)/(14/63) a multiple of 19?
True
Let m = 1 + 0. Suppose 4*s = -r + m, -2*r - 2*r - 16 = -4*s. Is 17 a factor of 2/(r/(-2 - 43))?
False
Suppose -2*y + 10 = 4*k, 0*k - 20 = -4*k - 4*y. Let f be 3 - -1*(-1 + k). Suppose 0*b - f*b = -8. Is 2 a factor of b?
True
Suppose -h = 5*v - 3*h - 40, 0 = 4*h. Suppose 4*t - 4 - v = 0. Suppose -k - 2*s = 4*k - 84, -54 = -3*k - t*s. Is k a multiple of 16?
True
Suppose 5*q - 448 = 122. Does 38 divide q?
True
Suppose -w = j - 19, 3*w - 67 = -4*j + 2*w. Suppose 0 = -2*l + 2*b, -l + j = 3*b - 0. Is 3 a factor of l?
False
Let v = -5 - -8. Suppose -4*y + 9 = 1. Suppose v*b - 4*b + 2*m = -44, y*b = m + 82. Does 16 divide b?
False
Does 21 divide 36*((-8)/(-44) - (-226)/88)?
False
Suppose u - 5*u = -8. Suppose 11 = u*w - 11. Is 11 a factor of w?
True
Let c = 8 + -6. Suppose -c*u + 170 + 238 = 0. Is 3 a factor of 4/(-14) + u/28?
False
Let t(k) = -k**3 + 2*k - 1. Let s be t(1). Is s + 1/2*90 a multiple of 15?
True
Let g = -8 + 17. Let j = g + -7. Does 7 divide (-2 - -1)/(j/(-24))?
False
Let l(u) = -u + 19. Is l(0) a multiple of 4?
False
Let i = 41 + -26. Does 5 divide i?
True
Let q be 7/2 + 4/(-8). Is 4 a factor of 0 + q + 2/2?
True
Let t be 16 - (1 - (-2 + -1)). Does 5 divide ((-30)/(-3))/(4/t)?
True
Let o(l) = -l**3 - 3*l**2 + 4. Let m be o(-3). Let q = 15 + m. Is 11 a factor of q?
False
Let k(p) = 76*p + 10. Is k(4) a multiple of 55?
False
Let w = -10 + 14. Suppose -w*r = 4*v - 40, 3*r + v - 12 = 14. Let f(m) = m**3 - 8*m**2 + m + 9. Is 6 a factor of f(r)?
False
Suppose 16 = -4*o - 12. Let m = -6 - -13. Let f = m - o. Is 7 a factor of f?
True
Let w = -3 + 6. Suppose 5*h + w*n + 40 = 0, 5*h - 3*n + 40 = -0*h. Let u = h + 18. Is 5 a factor of u?
True
Suppose o = 4*u + 3*o - 62, 4*u = 5*o + 83. Is 10 a factor of ((2 - 5) + 4)*u?
False
Let q = -22 - -15. Let y(x) = -x**3 - 5*x**2 + 6*x - 6. Does 25 divide y(q)?
True
Let p(c) = -6*c - 1. Let i be p(-2). Let q = i - -31. Does 21 divide q?
True
Let k be (-78)/30 - (-4)/(-10). Let x = k + -7. Let z = 42 + x. Is 16 a factor of z?
True
Suppose 0*w - 4*b = 3*w - 18, -4*w + 5*b + 24 = 0. Suppose 2*m + m - w = 0. Suppose 0 = 3*c - 5*d - 95, 39 = c - 0*d + m*d. Does 12 divide c?
False
Let t = -31 + 51. Suppose -x + 18 + t = 0. Is 19 a factor of x?
True
Let a = 499 + -233. Does 19 divide a?
True
Suppose 0 = t - 0*t + 2. Let h(m) = -2*m**3 - 2*m. Is 9 a factor of h(t)?
False
Is 2 a factor of 3*2/6 + 14?
False
Suppose 4*f + 5*z - 326 = 0, -4*z = 3*f - 193 - 52. Does 6 divide f?
False
Is ((-30)/(-7))/((-3)/(-63)) a multiple of 19?
False
Let y(r) = -r**3 + 5*r**2 - 2*r + 2. Suppose -3*z - 3 + 15 = 0. Let q be y(z). Suppose -3*p + p + 2*u + q = 0, 5*p - 35 = 3*u. Is p a multiple of 4?
False
Suppose 0 = 5*v - 6*v + 108. Is 18 a factor of v?
True
Suppose -q + 17 = 5*l, 0 = 4*l + 4*q - 15 - 5. Suppose -o - l*t + 32 = 0, -o + 5*o